5, 4*b - 6612 = -14*f + 9*f. What is the units digit of f?
0
Let b(q) = -q**3 + 7*q**2 - 2*q - 8. Let j be b(6). Let n(m) = 6*m - 4. What is the tens digit of n(j)?
9
Suppose 4*t = 2*a - 20, 7*t + 5*a + 34 = 5*t. What is the units digit of (124/t + 0)*105/(-30)?
2
Let c = 156 + 14. What is the hundreds digit of c?
1
Suppose 9 = -2*o - 3*y, -1 = 4*o + y + 2. Suppose o = 6*z - z - 110. What is the tens digit of z?
2
Suppose -l = -4*i - 162, 692 = l + 3*l - 5*i. What is the tens digit of l?
7
Let i(f) = 3*f + 12. Let r(d) = 4*d + 11. Let g(j) = -6*i(j) + 5*r(j). Let p be g(5). Let o(s) = -s**3 - 7*s**2 - 4*s + 10. What is the tens digit of o(p)?
3
Suppose -g - 11 = 5*n, 4*g = 4*n + 20 + 8. Suppose -d + g*l - 152 = -3*d, 0 = l. Suppose d = -0*i + i. What is the tens digit of i?
7
Suppose 0 = 8*m - 5398 - 4882. What is the units digit of m?
5
Suppose 6643 = 9*q - 8999. What is the hundreds digit of q?
7
Let w be 1/1 - (1 + -3). Suppose -2*o - 2*y + 128 = 0, 4*o = 5*y + 26 + 194. Suppose -2*c - w*c + o = 0. What is the tens digit of c?
1
Let h = -101 - -46. Let y be (h - -1)*63/(-14). Suppose 5*d - y = 5*m - 68, 0 = -3*m - 15. What is the units digit of d?
0
What is the hundreds digit of 467 + (-2 - 3) + 5?
4
Suppose -20 = -8*s - 2*s. Suppose 3*x - 624 = -x - 4*n, 5*n = s*x - 319. What is the units digit of x?
7
Suppose -4*m + 5*p = -3557, -3*m - 9*p + 2629 = -5*p. What is the tens digit of m?
8
Let f be (-4)/14 + 32*(-2)/(-28). Let a be 172/5 + 6/(-15). Suppose 0 = -f*q - 0*q + a. What is the units digit of q?
7
Let f = 40 - 40. What is the units digit of (-2 - (-6 - f)) + (-4 - -181)?
1
Let q = -51 + 71. Suppose 6*v = 2*v + 36. Let r = q - v. What is the units digit of r?
1
Suppose -5*m - 5*f = -1295, -9*f + 12*f = 2*m - 518. What is the units digit of m?
9
Let v(q) = q**2 + 3*q + 5. Let h(c) = c**2 + 2. Let f be h(3). What is the units digit of v(f)?
9
Suppose -8*z = -2023 - 721. What is the tens digit of z?
4
Suppose 5 = 5*s + 20, 0 = -3*b + 2*s + 6. Let n be (1 + b)/3*9. Suppose n*g + 5*a = 48, -5*g + 17 + 29 = -3*a. What is the tens digit of g?
1
Let o(x) = -3*x**2 - 9*x - 9. Let t(f) = -f**2 - 3*f - 3. Let z(h) = -3*o(h) + 8*t(h). What is the tens digit of z(-14)?
5
Let y(m) = 2*m**3 - 12*m**2 + m - 7. Let a be y(6). What is the tens digit of 4 - (-4 + -106 + a)?
1
Let d(j) = 9*j - 2. Let u(g) = g**3 - 19*g**2 - 21*g + 26. Let v be u(20). What is the units digit of d(v)?
2
Let z = -18 + 42. Suppose -v - a + z = 4*v, 0 = 5*v + 2*a - 28. Suppose 72 = v*s - 0*s. What is the units digit of s?
8
Let v = -8 - -47. Suppose -w - v = -4*w. Suppose -3*a + 29 = -w. What is the tens digit of a?
1
Suppose 1360 = 5*f - 810. What is the units digit of f?
4
Let f(w) = -w**3 + 5*w**2 - 4. Let j be f(-2). What is the tens digit of (j/(-10))/(4 + 83/(-20))?
1
Let b(s) = 7*s**3 + 3*s**2 + s - 1. Let m be b(-2). Let r = 72 + m. What is the tens digit of (-15)/r*(-50)/2?
1
Suppose 3 = -2*s + 27. Suppose -z = -5*n + 70, -2*z - s - 24 = -2*n. Let g = n + -5. What is the units digit of g?
8
Suppose -2909 - 3472 = -9*a. What is the units digit of a?
9
What is the tens digit of (-242 + (-5)/10*-3)*-2?
8
Let k(u) = 3*u + 6. Let l be k(-4). Suppose v + 3*v = 76. Let d = v - l. What is the units digit of d?
5
Let b = -19 + 34. Let o(h) = -8 - 6*h - h + b*h. What is the units digit of o(6)?
0
Suppose 0 = -3*k - 91 - 59. What is the tens digit of k/(-15)*(-12)/(-10) + 136?
4
Suppose -7*v + 6*v = 3*i - 352, 5*i + 3*v = 580. Suppose 0 = -z + i + 21. What is the units digit of z?
0
Let f(y) = y**3 + 6*y + 18. Let p be 3 - (2/(-4) - (-91)/26). What is the units digit of f(p)?
8
Let k(z) = -z - 83. Let t be k(0). Suppose 3*d + 233 = -5*w - 0*w, -3 = 3*d. Let u = w - t. What is the units digit of u?
7
Let a be (-1)/(16/6 + -3). Suppose 2*l - a = 3*l. What is the units digit of l/3 + 25 + 1?
5
Suppose -5*j = -j. Let k be j/1 - (2 - 0). Let m(y) = -6*y**3 + 4*y - 1. What is the tens digit of m(k)?
3
Suppose -6*o = -5*o - 3926. What is the hundreds digit of o/30 + (-24)/(-180)?
1
Let m(l) = 13*l + 5. Let z be m(-4). Let b be (-32)/144 - z/9. Suppose -34 - 96 = -b*o. What is the units digit of o?
6
Let o be -1 + 9/12 + 13445/20. Suppose 0 = 7*j + 49 - o. What is the tens digit of j?
8
Let j be (6/(3/1))/((-5)/35). What is the tens digit of (-835)/(-7) - ((-20)/j)/5?
1
Suppose -3*o + 3*z = -2*o - 91, 4*z - 360 = -5*o. Suppose o*i - 81*i = -260. What is the tens digit of i?
5
What is the tens digit of -6*(56/24 - 8)?
3
Let p = 245 - 141. Suppose 5*g + 2*x = -p - 131, 0 = g - 5*x + 74. Let n = g - -74. What is the units digit of n?
5
Suppose 0 = -17*c + 21*c - 48. Suppose 4*t - c + 0 = 0. What is the units digit of t?
3
Let m(t) be the first derivative of 7*t**4/24 - 5*t**3/6 + 3*t**2 - 3. Let g(n) be the second derivative of m(n). What is the units digit of g(4)?
3
What is the units digit of (-108)/(-24)*66*(-8)/(-108)?
2
Suppose -10*l + 15*l = 25. What is the units digit of l/(20/16) - -14?
8
Suppose d = -8*f + 3*f - 965, -f - 219 = -5*d. Let b = f - -398. What is the hundreds digit of b?
2
Let s(v) = v**3 - v**2 - v + 50. Suppose 7*o - o = 0. What is the tens digit of s(o)?
5
Suppose -5*g = -4*o + 2410, -3*o + 0*o = g - 1798. Suppose -o = -5*p + 185. What is the hundreds digit of p?
1
Suppose -277 - 371 = -4*k. Suppose -71 = -o - 3*b, -5*o - 3*b + 145 = -k. Let m = o - 31. What is the units digit of m?
8
Let p(l) = 6*l - 3*l + 0*l + 0 - 42. What is the tens digit of p(19)?
1
Let a(f) = f**3 + 5*f**2 + 5*f + 6. Let y be a(-5). Let x(g) = 4*g**3 + 2*g**2 - 4*g + 3. Let j be x(2). Let z = y + j. What is the units digit of z?
6
Suppose 550 = 5*b + 3*m, -b + 81 = 2*m - 22. Suppose g - 452 = -4*y, 4*y - g = 3*y + b. What is the hundreds digit of y?
1
Let i(a) = 15*a**3 + 3*a**2 + a - 4. Let m = -40 + 42. What is the units digit of i(m)?
0
Let p(o) = 7*o**2 - 7*o + 1. Let b = 10 - 7. What is the tens digit of p(b)?
4
Let s(v) = -v**2 + 8*v + 3. Let g be s(11). Let o(f) = -6*f. Let y be o(7). Let d = g - y. What is the tens digit of d?
1
Let j be 8/32 + 22/8. Suppose 0*s = j*l + 3*s, 3*l = -2*s + 2. Suppose -l*m + 0*m = -32. What is the tens digit of m?
1
Suppose -4*a + 7*a - 465 = 0. Let o = -101 + a. What is the tens digit of o?
5
Suppose 5*p - 9*p + 2032 = 0. Suppose p = 5*z - z. What is the units digit of z?
7
Suppose 4*u + 8 = -8. Suppose -2 = -2*n - 4. What is the units digit of 10*6/u*n?
5
Let a(d) = d**3 + 10*d**2 + 6*d + 6. Let i be a(-9). Suppose 2*h = i + 33. What is the units digit of h?
3
Suppose -4*f - 10 = r - f, -2*f = 4*r. Suppose c - r*c + 40 = 0. Suppose -2*d + 32 + c = 0. What is the tens digit of d?
3
Let h(r) = 2*r**2 - 13*r - 9. Let t(o) = -o**2 - 8*o - 2. Let z be t(-6). What is the units digit of h(z)?
1
Let n = 142 + -123. Suppose -n*r + 220 = -14*r. What is the units digit of r?
4
Suppose 910 = 5*x - 1070. What is the tens digit of x?
9
Suppose -67150 - 23030 = -30*r. What is the hundreds digit of r?
0
Suppose -2*v + 2*s + 126 = -s, -122 = -2*v + 5*s. Suppose 2*u = 112 + v. What is the tens digit of u?
8
Let q(n) = n + n + 50 + 9. Suppose 0 = -p + 2, 0 = 12*w - 17*w - 4*p + 8. What is the tens digit of q(w)?
5
Let u(c) be the third derivative of 31*c**4/24 - c**3 + 3*c**2. Let a be u(3). Let b = -53 + a. What is the units digit of b?
4
Suppose 3*b + 19 = -a, 4*b - 5*a + 52 = -a. Let k(f) = -f**2 - 4*f + 3. Let l be k(-4). What is the units digit of b/24 - (-67)/l?
2
Let u(c) = -76*c + 30. What is the tens digit of u(-3)?
5
Let b(z) be the second derivative of -z**7/2520 + 17*z**6/720 + z**5/60 + z**4/2 + z. Let o(t) be the third derivative of b(t). What is the tens digit of o(16)?
1
Let l(v) = -v**3 - v**2 + 196. Let g be l(0). Suppose 0 = -2*t - z + 104 + 25, -3*t + g = 4*z. Suppose -u = 18 - t. What is the tens digit of u?
4
Suppose 60890 = 46*c - 31938. What is the tens digit of c?
1
Let h(n) = 1330*n - 3. What is the tens digit of h(1)?
2
Let a(m) = -2169*m - 329. What is the tens digit of a(-3)?
7
Suppose 5*l + 35 + 20 = 0. Let d = l - -15. Let k = d - -2. What is the units digit of k?
6
Suppose 10*j + 18 = 19*j. Suppose -282 = -j*s + 94. What is the units digit of s?
8
Let d(o) = -16*o - 40. Let a(c) = -9*c - 20. Let s(h) = -5*a(h) + 2*d(h). What is the 